alculate t(y).
-5
Let y be ((-6)/10)/((-2)/10). Let t(f) = -3*f**2 - 4*f + 7. Suppose 0*r + 5*r + 20 = 0. Let j(p) = 4*p**2 + 4*p - 8. Let b(z) = r*j(z) - 5*t(z). What is b(y)?
0
Let d(h) = -5*h**2 + 4*h - 1. Let s(o) = o**2. Let k(v) = -d(v) - 6*s(v). Give k(-5).
-4
Let r(c) = -3*c**2 - 11*c + 4. Let s(k) = -k**2 - k. Let a(u) = r(u) - 4*s(u). Give a(6).
-2
Let q = -14 + 32. Let m be (-27)/q*16/(-6). Let h(n) be the third derivative of -n**6/120 + n**5/10 - 5*n**4/24 - n**3/2 - 3*n**2. Calculate h(m).
9
Let b be -2*1 + (-8)/(-4). Suppose -14 = 2*s - 4*n, 5*s - 40 = -5*n - b. Suppose s*g + 4*k - 3 + 10 = 0, -4*k + 23 = -3*g. Let c(v) = v**2 + 6*v - 5. Give c(g).
-10
Let p(t) be the second derivative of t**5/20 - t**4/3 + t**3/2 - 3*t**2 - 9*t. Give p(4).
6
Let m = -25 - -15. Let u = -5 - m. Let w(a) = a + 1. Let q(s) = -4*s - 5. Let z(h) = q(h) + 5*w(h). Determine z(u).
5
Let w(r) = 2*r + 1. Let j be (-39)/(-18) - 2/12. Suppose -2*u + 0 = -2*b + 10, 4*b - 3*u - 15 = 0. Suppose p - j = c, c + 4 = -p - b. Give w(p).
-1
Let q(y) = -y**2 - 8*y - 3. Let c be q(-8). Let r be (c - -1)/(-1*1). Let b(h) = -65 + 65 + r*h + h**3. Determine b(-2).
-12
Let p(w) = w**3 + 5*w**2 - 6*w - 2. Let s be p(-6). Suppose 0 = -3*o + 8*o - 10. Let u(a) = 2*a + o*a - 3*a + 2 - 2*a. What is u(s)?
4
Let a = 51 + -48. Let i(f) = -f**3 + 2*f**2 + 2*f + 3. Calculate i(a).
0
Suppose 3*a = -12, 0*w = w + 3*a + 7. Let k(v) = -v**2 + 9*v - 5. Give k(w).
15
Let d(a) = -4 - 16*a - 15*a + 30*a. Let h be -1 + -1 + (-2)/2. Let c(v) = -2*v - 9. Let x(k) = h*c(k) + 7*d(k). What is x(4)?
-5
Suppose 3 = -2*x - n, -2*n = -0 + 6. Let b(h) be the third derivative of 0 - 2*h**2 + x*h - 1/6*h**3 - 1/12*h**4. What is b(-3)?
5
Suppose 3*t = k + 2, -5*k - 3*t + 0*t = -26. Let o(b) = b**2 + 3*b - b + 3 + 0*b - 8*b. What is o(k)?
-5
Let o be ((-6)/5)/((-2)/15). Let f = o - 7. Let j(d) = 3 + 3*d + d - 2*d - 3*d - d**f. What is j(0)?
3
Let r(t) = 2*t**2 - 2*t. Let o be r(2). Let w(g) = -2*g + 7*g**3 - 3*g + 5 - 2*g**3 - 6*g**3 + 5*g**2. Calculate w(o).
1
Let j(o) = -o + 1. Let d(g) = 7*g + 2. Let z(u) = d(u) + 5*j(u). Let r be z(-5). Let k(m) = -m**2 - 4*m - 3. What is k(r)?
0
Let f(j) = -4. Let a(h) = h - 13. Let t be (-6)/(-9) + 14/6. Let v(o) = t*a(o) - 8*f(o). Let i(d) = 3*d - 6. Let n(s) = -7*i(s) + 6*v(s). Determine n(-1).
3
Let x(s) be the first derivative of -s**4/4 - s**3/3 + s**2 - 5. Give x(-3).
12
Let k(c) = -c - 1. Suppose 2*m + 5*p = 6*m + 8, -m = -2*p + 2. Calculate k(m).
1
Let z be 2*(1 - 2/4). Let f be (2 - z)/(3/(-15)). Let x(l) = 0 - 4 + 2*l - 3*l. What is x(f)?
1
Let n(v) = v + 4*v - 6 - 6*v. Let a(y) = -2*y**2 + 15*y - 7. Let g be a(7). Give n(g).
-6
Let w(n) = 4 + 0 - 4*n - 58*n**2 + 57*n**2. Determine w(-4).
4
Let s(b) be the second derivative of b**4/3 - b. Let a be s(1). Let m(h) be the third derivative of -h**4/24 + 2*h**3/3 + 3*h**2. Determine m(a).
0
Let u be 96/28 - 3 - 11/(-7). Let m(i) = -2 + 0 - 2*i + 0. Determine m(u).
-6
Let o(h) be the third derivative of h**4/24 + h**3/3 + 2*h**2. Let r(t) = t**3 - 11*t**2 - 10*t - 16. Let i be r(12). Let p = i + -12. Calculate o(p).
-2
Suppose 7 = -3*z + 2*g, 3*z + 0*g + 13 = 5*g. Let b be z - (-2 - -1 - 3). Let y(l) = 4*l + l**b + l**3 + 2*l**3 + 6*l**2 - 3*l**3 - 1. Determine y(-5).
4
Let f(m) be the second derivative of m**3/2 + 4*m. Give f(4).
12
Let f(v) = v**3 + 7*v**2 + 5*v - 3. Let u(w) = w**3 - 3*w**2 - 5*w + 2. Let z be u(3). Let k = -19 - z. What is f(k)?
3
Let o(p) be the third derivative of 1/3*p**3 - 8*p**2 + 0 + 1/60*p**5 + 0*p + 1/6*p**4. What is o(-3)?
-1
Let m(x) = 2*x**2 - 3*x. Let s(g) = -3*g**2 + 6*g + 1. Let f(l) = -5*m(l) - 3*s(l). Calculate f(-3).
-3
Let a(f) = -f**3 - 9*f**2 - 2*f - 13. Let p(k) = k**2 - 3*k - 19. Let y be p(5). What is a(y)?
5
Suppose 3*d = 3*a + 2 + 4, 3*d = -5*a + 30. Let o(s) be the second derivative of -1/3*s**4 + 0 + 1/2*s**2 + 1/3*s**3 - 5*s + 1/20*s**5. Determine o(a).
-2
Let r(w) = -3 + 3*w + 2 - 2*w. Determine r(-5).
-6
Let t(r) = 0*r - r + 2*r. Calculate t(6).
6
Let f be 1/(-3) + 39/9. Suppose -3 = -3*b, n + 3 = f*b - 1. Let v(c) = -2*c**3 - 3 + 3*c**3 + 3 + c**2 - c. Determine v(n).
0
Let v(z) = -10*z**2 + 3*z**2 - 4*z**3 + 6 - z + 5*z**3. Let m be v(7). Let f(g) = 8*g**2. Calculate f(m).
8
Let l(j) = 0*j**2 - j - 6*j**2 + 3*j**2 + 5*j**2. Let q be (-1 + 2)/((-2)/16). Let z(t) = t**2 + 7*t - 9. Let f be z(q). Calculate l(f).
3
Let r(s) = 3*s - 3. Suppose 1 = -2*y - 4*j + 7, j - 6 = -2*y. Determine r(y).
6
Let s(i) = 4*i + 4. Let g(d) = -11*d - 11. Let r(z) = -6*g(z) - 17*s(z). Give r(5).
-12
Suppose -t + 24 = 29. Let l(o) = o**2 - o + 3. Let v(u) = -3*u**2 + 2*u - 8. Let a(g) = 11*l(g) + 4*v(g). Determine a(t).
-9
Suppose -3*o = 5*j - 25, -j = o - 3*j + 10. Let x(k) = 1 + o*k**2 + 5*k**2 + 3*k**2 - 3*k**2. Determine x(-1).
6
Let v(t) be the second derivative of -t**6/720 - t**5/40 - t**4/6 - t. Let b(q) be the third derivative of v(q). Determine b(4).
-7
Let v be (11 - 10)*(-1 + -4 - 0). Let n(h) = -h**2 - 5*h - 3. Give n(v).
-3
Suppose -3*d - 3 = -6. Suppose 3*y - 11 = d. Let o(w) = -w**2 + 3*w + 1. What is o(y)?
-3
Let z(s) = 5*s - 2. Let q(c) = c**3 - 3*c**2 - 3*c - 1. Let r be q(4). Suppose 4 - 19 = -r*u. Suppose k - 2 = u*i - 3*k, -5 = -i - k. Calculate z(i).
8
Let h(a) = -a**2 - 7*a - 9. Let v be h(-6). Let p = -3 + 7. Let z(g) = -g - g**2 - g + g + p + 0*g**2. Calculate z(v).
-2
Let r(v) = -14*v**3 + 15*v**2 - 14*v + 11. Let b(p) = -5*p**3 + 5*p**2 - 5*p + 4. Let g(k) = -17*b(k) + 6*r(k). What is g(-5)?
-7
Let q(v) be the first derivative of v**2 + v + 31. Let k be 0 - 2/(2/3). Give q(k).
-5
Suppose 4*f + f = -30. Let n = f + 4. Let c(r) = -5*r - 1. What is c(n)?
9
Let h be (1 + 1)/((-1)/2). Let j(m) be the second derivative of 1/20*m**5 + 0 - m + 3/2*m**2 + 0*m**3 + 1/3*m**4. Calculate j(h).
3
Let i(w) = 9*w - 7. Let x(b) = 4*b - 3. Let q(k) = 3*i(k) - 7*x(k). Determine q(-5).
5
Suppose y + 18 = -2*y - 4*f, -2*f = y + 8. Let v(m) = 3*m**2 - 2*m - 1. Calculate v(y).
15
Let q(o) = -2*o - 6. Let k be (4*18/(-20))/(4/10). Determine q(k).
12
Let d(f) = -5*f**3 - 5*f**2 + 4*f**3 + 1 + f - 4*f. Determine d(-4).
-3
Suppose -5*f = -4 - 26. Suppose 18 = 2*u + 4*m, 0 = -0*u + 4*u - 2*m - f. Let i(q) be the second derivative of -q**5/20 + q**4/4 + 3*q**2/2 + q. Give i(u).
3
Let x(k) be the second derivative of -k**3/6 + 11*k**2/2 - 30*k. Determine x(8).
3
Let u(w) be the first derivative of -w**4/24 - 5*w**3/3 + 3*w**2/2 - 2. Let o(l) be the second derivative of u(l). Give o(-6).
-4
Suppose 7*q - 2*q - 35 = -5*s, -5*q = 0. Let x(u) = -u**3 + 6*u**2 + 5*u + 6. Give x(s).
-8
Let g(z) = -z**3 - 9*z**2 + z + 10. Let i = -119 + 110. Give g(i).
1
Suppose -21 = 3*x - 2*j, -3*j = 4*x + j + 28. Let s(a) = a**2 + 7*a + 5. Calculate s(x).
5
Let s(l) = -1 - 2 + 4 + l**3 - 3*l + 2*l**2. Let x = 0 - 2. Let c be x*((-9)/2)/(-3). Calculate s(c).
1
Let n be 3*(4 + (0 - 3)). Let m(d) = -2*d**2 - d**2 + 3*d**2 - 4 + 2*d**2 - n*d. Give m(3).
5
Let m(x) = -3*x**3 - 2*x**2 + 3*x + 5. Let s(k) = -39*k**2 - 25 + 48*k**2 + 13*k**3 - 16*k + 3*k**3 + 2*k. Let b(h) = -11*m(h) - 2*s(h). What is b(-5)?
-5
Let g(p) be the second derivative of p**5/20 + p**4/3 - p**3/3 + 3*p**2 - 25*p. What is g(-5)?
-9
Let s = 0 + 2. Let g(r) = 0 + 0*r**2 - 3*r + r**2 + s. Let o(y) = -y**3 - 3*y**2 - 2*y - 2. Let n be o(-3). What is g(n)?
6
Let z(u) = -7*u**2 - 12*u - 1. Let j(d) = 3*d**2 + 6*d + 1. Let g(x) = 9*j(x) + 4*z(x). What is g(6)?
5
Let p(l) = -l**3 - 4*l**2 + l + 2. Suppose -11 + 107 = 4*y. Let f = -28 + y. What is p(f)?
-2
Let h = 2 + 3. Suppose 2*g = 5*a - 28, 0 = 2*a - g - 11 - 0. Let t(q) = -q**2 + a - 15*q + 5*q + 14*q. What is t(h)?
1
Let a(o) = -2*o - 9. Suppose 2*v + 5 = -1. Let w(x) = -x - 8. Let b(n) = v*a(n) + 4*w(n). Determine b(5).
5
Suppose 2*g - 6*g = 0. Let b(u) = 2*u**2 - u**3 + 0*u - u**2 - u. Give b(g).
0
Let k(b) = -2*b - 15. Let u(c) = -c - 15. Let t(j) = 2*k(j) - 3*u(j). What is t(8)?
7
Let v(p) = 4*p**3 + 2*p**2 - 2*p + 8. Let l(j) = -13*j**3 - 5*j**2 + 6*j - 21. Let n(i) = -3*l(i) - 8*v(i). Suppose 0 = -t - 0 - 1. Determine n(t).
-7
Suppose -12*n + 13*n + 4 = 0, -2*k + n = -10. Let g(v) be the first derivative of v**4/4 - v**3 + 2*v**2 - 3*v - 1. Calculate g(k).
9
Let p(r) = 10*r**2 + r 